2. Suppose 0 = 2*p - 4*p + 4*w + 26, 0 = -o*p - 5*w + 94. What are the prime factors of p?
23
Let b = 8 - -19. Let i = b + -15. List the prime factors of i.
2, 3
Suppose i + 2*i - 4*j = 1, 3*j + 1 = 2*i. Let f(v) = 13*v**3 + 2*v**2 + v. Let r be f(i). List the prime factors of ((-32)/r)/(2/9).
2, 3
Let i(f) = f**3 + 15*f**2 + 17*f + 14. List the prime factors of i(-13).
131
Let c(p) = -p**3 + 6*p**2 + 5*p + 2. Let z be c(6). Suppose 4*o = h - 4, h + h + 4*o = z. List the prime factors of h.
2, 3
Suppose -2*z + 14 = -10. Suppose 0*f + z = f. What are the prime factors of f?
2, 3
Suppose 5*t = t - 40. Let p = 16 + t. List the prime factors of p.
2, 3
Let n = 1 + 3. Let r be ((-5)/(-2))/(15/12). Let g = n + r. List the prime factors of g.
2, 3
Let u(d) = -d - 5. Let q be u(-5). Let m(g) = -g + 2. Let a(i) = -5*i + 7. Let h(y) = -2*a(y) + 9*m(y). List the prime factors of h(q).
2
Let z(k) = 4 - 3 + 2 - k. Let f = 1 - 1. List the prime factors of z(f).
3
Suppose 3*j + 75 = -2*j. Let z = 10 - j. What are the prime factors of z?
5
Suppose -5*n - 10 = 0, -n - 31 = -2*j + 7. What are the prime factors of j?
2, 3
Suppose -4*z + 478 = 166. List the prime factors of z.
2, 3, 13
Let j(w) = -5*w - 11. Let n be j(-12). Let o = 88 - n. What are the prime factors of o?
3, 13
Suppose -3*k = 5*a - 481, 0 = -3*a - k + 298 - 7. List the prime factors of a.
2, 7
What are the prime factors of (-186)/(-14) - (-30)/(-105)?
13
Let w = 118 + -77. Let m = w - 29. List the prime factors of m.
2, 3
Suppose -4 + 24 = 5*y. Suppose -29 - 35 = -2*k + y*x, -4*k + 117 = 3*x. Let u = k - 21. What are the prime factors of u?
3
What are the prime factors of (-1136)/(-6) - 60/(-36)?
191
Let k be (-14)/(-5) - (-5)/25. Suppose w - k - 9 = 0. What are the prime factors of w?
2, 3
Let u(i) = -2*i**3 + 8*i**2 - 4*i + 6. Let y be u(5). List the prime factors of (-2)/((7 - 3)/y).
2
Suppose -2*x = 2*x. Suppose x = -g - g + 8. List the prime factors of g.
2
Let x(w) = w**3 - 6*w**2 + 6*w - 4. Let y be x(5). List the prime factors of y + 12 + 5/5.
2, 7
Suppose 50 = 4*m - c - 65, m + 5*c = 55. Let x be (-2)/(-5) - (-78)/m. Suppose 11 = 2*n - x. List the prime factors of n.
7
Let f(y) = -6*y - 9. Let d be f(7). List the prime factors of d/(-68) + (-338)/(-8).
43
Let c(v) = 11*v**2 + 2*v - 1. Let p be c(1). Suppose -h = -0*h - p. What are the prime factors of h?
2, 3
Suppose -841 = -5*s - 4*a, 22 = 4*s - 4*a - 622. List the prime factors of s.
3, 5, 11
Let o(j) = j + 6. Let p be o(-6). Suppose p = 8*h - 7*h - 15. List the prime factors of h.
3, 5
Suppose -3*w - 4*z - 43 + 6 = 0, 5*z = -w - 27. Let n = -2 - w. Suppose -n*j - 13 + 48 = 0. List the prime factors of j.
7
Let g = 94 + -46. What are the prime factors of g?
2, 3
Let a(n) = 6*n + 3. Let g be a(3). Suppose -6*z + 3*z - g = -r, -2 = 2*z. What are the prime factors of r?
2, 3
Suppose -4*r = 2*x - 2*r - 54, 150 = 5*x + 2*r. List the prime factors of x.
2
Suppose 4*b - 86 = 26. What are the prime factors of b?
2, 7
Let v be (-1)/4 - (-58)/8. Let f = v - 18. Let c = f + 16. List the prime factors of c.
5
Suppose 51 = x - 1. List the prime factors of x.
2, 13
Suppose 0 = 7*c - 6*c - 213. What are the prime factors of c?
3, 71
Suppose 0 = 4*i + 9 + 3. Let u be 0 - -2 - (-35 + i). Suppose -k + 32 = 4*n + k, -5*n + 3*k = -u. List the prime factors of n.
2
Suppose 4*r + w - 49 = -0*r, 3*w = 5*r - 57. Let j be (7 - 12)*12/10. List the prime factors of (2 + j/4)*r.
2, 3
Suppose 0 = u + 2*a + 7, -4*u + 0*a - 4*a - 24 = 0. Let p = u - -8. Suppose 0 = i - 2*w + 4*w - 8, -p*w + 42 = 4*i. What are the prime factors of i?
2, 3
Let x(j) = -2 - 5 - 2 - 2*j. What are the prime factors of x(-8)?
7
Let v(j) be the first derivative of -j**4/12 - 2*j**3/3 + 5*j**2/2 + 2*j - 1. Let q(m) be the first derivative of v(m). What are the prime factors of q(-4)?
5
Let g = 1 + 35. List the prime factors of g.
2, 3
Let s = 37 + -13. List the prime factors of s.
2, 3
Let t(m) = 98*m - 5. List the prime factors of t(3).
17
Let j = 19 + -14. Suppose 6*p = j*p + 33. What are the prime factors of p?
3, 11
Let x(z) = 13*z - 21. Let o(p) = 20*p - 32. Let r(s) = 5*o(s) - 8*x(s). What are the prime factors of r(-9)?
2, 11
Suppose -9 = -4*t - n, 1 = -3*n + 4*n. Suppose -3 = -3*o + 3*i, 3*o + 7*i - t*i - 3 = 0. Let z = o - -1. What are the prime factors of z?
2
Suppose 0 = -0*j + 3*j - 108. What are the prime factors of 24/j + 52/3?
2, 3
Suppose 2*z - 3*z = -4*q + 35, 0 = -4*z + 20. Suppose -q = -4*y + j + 13, -4*y = -2*j - 22. List the prime factors of y.
2, 3
Let y(j) = -j**2 - 5*j + 2. Let c be y(-5). Let u be ((-1)/2)/(c/(-76)). Suppose -u = -r - 4. List the prime factors of r.
3, 5
Suppose -104 = -2*p + 4*x, -p - x - 151 = -4*p. List the prime factors of p.
2, 5
Let v(u) = -6*u + 3. What are the prime factors of v(-12)?
3, 5
Let u(h) = -17*h - 15. List the prime factors of u(-4).
53
Let s(b) = b + 1. Let q be s(4). Suppose 3*v = 4*d - 3 - 8, q*v = -5. Let h(z) = 2*z**3 - 4*z + 3. What are the prime factors of h(d)?
11
Let g be 84/10 + (-6)/(-10). What are the prime factors of (8/3)/(2/g)?
2, 3
Let m(f) = 7*f + 43. List the prime factors of m(-5).
2
Let k = -9 - -13. Let j = k + 0. Suppose -4 + 28 = j*z. List the prime factors of z.
2, 3
Let b = 136 + -69. What are the prime factors of b?
67
Let j = -2 - 18. What are the prime factors of (72/(-30))/(6/j)?
2
Let n be ((-2)/(-4) - 1)*12. Let b = 10 + n. Suppose -2*m = -4 - b. What are the prime factors of m?
2
Suppose 5*t + 5*b = 150, 95 = 2*t - 3*b - 2*b. Let h = -17 + t. Let l = -10 + h. List the prime factors of l.
2
Suppose j - 2*a = 3*a + 10, 5*j = a - 46. Let b(n) = n**3 + 9*n**2 - 14*n - 4. What are the prime factors of b(j)?
2, 3
Suppose -5*d + 973 = -2*j - 234, -3*j - 231 = -d. What are the prime factors of d?
3
Suppose -6*p + 259 = -95. List the prime factors of p.
59
Let z be 1/(-2) - 14/(-4). Suppose -z*y + 76 - 16 = 0. List the prime factors of y.
2, 5
What are the prime factors of 4700/25 - 5/(-1)?
193
Let n be 224/2 - (-2 + 0). Suppose u = -2*u + n. List the prime factors of u.
2, 19
Let h(w) = 6*w**3 - 36*w**2 + 31*w + 9. Let z(v) = v**3 - 7*v**2 + 6*v + 2. Let k(q) = 2*h(q) - 11*z(q). List the prime factors of k(-4).
2, 7
Let t = 17 - 12. Suppose 4*h - 2*h = 0. Suppose h*c - t*c + 15 = 0. What are the prime factors of c?
3
Suppose -13 - 11 = 3*n. Let d = n - -10. Suppose 53 - 19 = d*l + y, 4*l + y - 64 = 0. What are the prime factors of l?
3, 5
Suppose -29 = -5*n + 11. List the prime factors of (n/24)/(1/57).
19
Let x(f) = -111*f - 3. List the prime factors of x(-1).
2, 3
Let u(a) = -a**2 + 8*a + 3. What are the prime factors of u(8)?
3
Suppose -t = -5*t. Suppose 303 = 5*j - 4*h, -4*j + h + t*h = -238. List the prime factors of j.
59
Let a(t) = -t**3 + 4*t**2 + 2 - 5*t**2 + 0 - t. Let l be a(0). Suppose -2*c - 77 = -5*w, l*w + 43 = 5*w + 2*c. What are the prime factors of w?
3, 5
List the prime factors of 78/(5 + -2)*1.
2, 13
Suppose 0*t + 2*t = 16. Suppose 0 = -4*r + t + 44. List the prime factors of r.
13
Suppose -4*x + 2*v + 357 = -287, 0 = 5*x - v - 805. List the prime factors of x.
7, 23
Let m(h) = -h - 5*h**2 + 6*h**2 - 2*h - 3 + 0*h. Let g be m(4). Suppose -b + 2 = -g. What are the prime factors of b?
3
Let l(p) = -p**3 + 5*p**2 - 2*p - 6. Let r be l(5). Let b = -1 - r. List the prime factors of b.
3, 5
Let r(m) be the second derivative of -m**5/20 - m**4/3 - m**3/3 + 3*m**2/2 - 3*m. Let t be r(-3). Suppose 0 = -2*l - t*l + 4. List the prime factors of l.
2
Suppose r - 65 = 58. What are the prime factors of r?
3, 41
Let v be (32/6)/(2/18). Suppose -6 = -3*h, v = -0*i + 5*i + 4*h. List the prime factors of i.
2
List the prime factors of (-128)/(-8) - -3 - 0/(-1).
19
Let s(g) = -g**3 - 3*g**2 + 2. Suppose f - 8 = 3*d, -2*f - 7 - 1 = 0. What are the prime factors of s(d)?
2, 3
Let k be ((-12)/10)/((-1)/110). Suppose k = 2*f + f. What are the prime factors of f?
2, 11
Let w(l) = -8*l + 18. What are the prime factors of w(-6)?
2, 3, 11
Let l(p) = -5*p - 2. Let d = 5 + -5. Let y = d + -3. What are the prime factors of l(y)?
13
Suppose -4*o + 57 + 3 = 0. List the prime factors of o.
3, 5
Let j(t) = t**3 - 4*t**2 + 3*t - 2. Let p(r) = r**2 + 3*r + 3. Let k be p(-5). Let v = k + -9. What are the prime factors o